on divisor of 6 and 782829.
3
What is the highest common divisor of 100 and 20348?
4
What is the greatest common factor of 54 and 47034?
54
Calculate the greatest common divisor of 90 and 290370.
30
What is the greatest common divisor of 198852 and 7884?
876
What is the highest common factor of 349005 and 20670?
795
Calculate the highest common factor of 4858014 and 1081.
1081
Calculate the highest common factor of 9739612 and 4.
4
What is the greatest common divisor of 21540 and 2988?
12
Calculate the greatest common factor of 17496 and 120.
24
What is the greatest common divisor of 572 and 4485052?
572
What is the highest common divisor of 2259 and 153?
9
Calculate the highest common divisor of 6458586 and 1278.
426
Calculate the greatest common divisor of 786104 and 11.
11
What is the highest common divisor of 110 and 664840?
110
What is the greatest common divisor of 3585 and 4305?
15
What is the greatest common factor of 43964 and 1624?
116
What is the greatest common divisor of 1158 and 4882707?
579
What is the highest common divisor of 3186 and 26?
2
Calculate the highest common factor of 113064 and 5208.
168
Calculate the highest common divisor of 1350 and 14040.
270
What is the greatest common divisor of 7785 and 495?
45
Calculate the greatest common divisor of 263030 and 1740.
290
What is the greatest common factor of 3536 and 10336?
272
Calculate the highest common divisor of 6110922 and 102.
102
Calculate the highest common divisor of 187 and 5678.
17
What is the greatest common divisor of 1312 and 768?
32
Calculate the highest common divisor of 9172 and 16.
4
What is the highest common factor of 1573332 and 12?
12
What is the highest common divisor of 5040 and 1872?
144
What is the greatest common divisor of 83886 and 96162?
2046
Calculate the highest common factor of 963 and 194847.
321
Calculate the highest common factor of 18 and 264.
6
Calculate the greatest common factor of 756 and 49644.
252
Calculate the greatest common divisor of 11652 and 84.
12
What is the highest common factor of 786 and 471207?
393
Calculate the greatest common factor of 72845 and 85.
85
Calculate the greatest common divisor of 19 and 38551.
19
What is the greatest common divisor of 4484 and 55252?
76
Calculate the highest common divisor of 2992 and 3520.
176
What is the greatest common divisor of 40575 and 225?
75
What is the greatest common factor of 10000 and 175?
25
What is the highest common divisor of 738045 and 2310?
1155
What is the greatest common factor of 27240 and 2760?
120
Calculate the highest common factor of 24 and 14321.
1
Calculate the greatest common factor of 2655 and 39915.
45
Calculate the greatest common divisor of 28305 and 1739.
37
Calculate the highest common divisor of 484956 and 2964.
228
Calculate the highest common divisor of 351 and 1651.
13
What is the greatest common factor of 1450 and 16700?
50
What is the greatest common divisor of 14586 and 100113?
663
Calculate the greatest common divisor of 5250 and 3270.
30
What is the greatest common divisor of 2842 and 10150?
406
Calculate the highest common divisor of 2224125 and 54.
27
What is the highest common divisor of 3 and 31886?
1
Calculate the greatest common divisor of 7 and 227.
1
What is the highest common divisor of 110929 and 7791?
371
What is the greatest common divisor of 3223 and 473?
11
What is the greatest common divisor of 280 and 619108?
28
What is the highest common factor of 410590 and 95?
95
Calculate the highest common divisor of 3318784 and 128.
128
Calculate the greatest common divisor of 302825 and 25.
25
Calculate the greatest common divisor of 25661 and 3283.
67
What is the highest common factor of 2526 and 696?
6
Calculate the highest common divisor of 735 and 18277.
49
What is the greatest common factor of 3842 and 1130?
226
What is the greatest common factor of 555 and 544233?
111
Calculate the highest common factor of 33600 and 8820.
420
What is the greatest common factor of 20 and 555260?
20
Calculate the greatest common divisor of 7532432 and 1752.
584
Calculate the highest common factor of 428 and 5243.
107
Calculate the highest common divisor of 23160 and 1740.
60
What is the highest common factor of 174 and 832474?
58
What is the greatest common factor of 1570 and 4912530?
1570
Calculate the highest common factor of 91 and 53183.
13
What is the greatest common factor of 82552 and 572?
4
Calculate the highest common divisor of 209040 and 3360.
240
Calculate the greatest common factor of 142 and 43949.
71
What is the highest common factor of 10 and 103315?
5
Calculate the highest common divisor of 405 and 107.
1
Calculate the highest common factor of 1541 and 4087.
67
Calculate the highest common divisor of 69 and 3726322.
23
Calculate the highest common divisor of 3705 and 1340469.
741
Calculate the highest common divisor of 184 and 101744.
8
What is the greatest common factor of 1064986 and 26?
26
What is the highest common factor of 212 and 790230?
106
Calculate the greatest common factor of 143872 and 281.
281
What is the highest common divisor of 3969 and 1589?
7
Calculate the highest common factor of 110554 and 334.
334
What is the greatest common divisor of 224789 and 19?
19
Calculate the highest common factor of 425 and 1384055.
85
Calculate the greatest common factor of 47 and 482549.
47
Calculate the greatest common factor of 3081 and 80496.
39
What is the highest common divisor of 615 and 101147?
41
Calculate the greatest common divisor of 5962 and 319.
11
Calculate the greatest common divisor of 77669 and 101.
101
What is the highest common divisor of 2 and 5038?
2
Calculate the highest common factor of 654092 and 68.
68
Calculate the highest common divisor of 7095 and 1595.
55
Calculate the greatest common divisor of 68434 and 3.
1
Calculate the greatest common factor of 21 and 12131.
7
Calculate the highest common factor of 30527 and 8455.
89
What is the greatest common factor of 625744 and 5285?
1057
Calculate the greatest common factor of 4172 and 1372.
28
Calculate the greatest common factor of 231340 and 269.
269
Calculate the highest common factor of 2060 and 802164.
412
Calculate the greatest common divisor of 2871 and 2079.
99
Calculate the greatest common divisor of 189228 and 195.
39
Calculate the greatest common divisor of 2093 and 225791.
23
What is the highest common divisor of 104 and 4253704?
104
Calculate the highest common divisor of 3884847 and 922.
461
What is the greatest common factor of 196900 and 300?
100
Calculate the highest common factor of 1122 and 31152.
66
What is the greatest common factor of 20692 and 10864?
28
Calculate the greatest common divisor of 22330 and 880.
110
What is the highest common divisor of 754 and 75226?
58
What is the greatest common divisor of 3689 and 1071?
119
Calculate the highest common divisor of 1920 and 275200.
640
What is the greatest common divisor of 1032 and 419784?
24
Calculate the highest common factor of 31217 and 3021.
1007
Calculate the highest common divisor of 54612 and 656.
164
Calculate the greatest common factor of 188 and 3141574.
94
Calculate the highest common factor of 1102 and 256.
2
What is the highest common factor of 98 and 105700?
14
Calculate the greatest common factor of 3814451 and 267.
89
Calculate the greatest common factor of 37647 and 1128.
141
What is the greatest common factor of 278664 and 816?
408
Calculate the greatest common factor of 352 and 10648.
88
Calculate the greatest common factor of 56487 and 57.
57
Calculate the highest common divisor of 14 and 17073.
7
Calculate the highest common factor of 1127 and 2182355.
161
Calculate the greatest common divisor of 83083 and 2587.
13
Calculate the greatest common divisor of 154 and 92048.
22
What is the highest common factor of 1746 and 6840?
18
Calculate the highest common divisor of 118890 and 227212.
2642
Calculate the greatest common divisor of 7075 and 56883.
283
Calculate the greatest common factor of 436423 and 26.
13
Calculate the highest common factor of 13 and 461318.
13
Calculate the greatest common factor of 3250 and 1134575.
325
Calculate the greatest common divisor of 544102 and 442.
442
What is the highest common divisor of 712 and 65860?
356
Calculate the highest comm